{"id":2166,"date":"2023-03-22T13:32:35","date_gmt":"2023-03-22T13:32:35","guid":{"rendered":"https:\/\/www.horwimwandel.ch\/cms\/?page_id=2166"},"modified":"2023-04-28T08:40:07","modified_gmt":"2023-04-28T08:40:07","slug":"horw-im-wandel-2","status":"publish","type":"page","link":"https:\/\/www.horwimwandel.ch\/cms\/horw-im-wandel-2\/","title":{"rendered":"Horw im Wandel"},"content":{"rendered":"\n<h2 class=\"wp-block-heading\">Horw im Wandel der Zeit \u2013 Ein Schlaglicht im Jahr 2020<\/h2>\n\n\n\n<p>Horw um 1950. Eine beschauliche Gemeinde mit knapp 4\u2019700 Einwohnerinnen und Einwohnern. Noch ohne Autobahn und Sportanlage Seefeld, aber mit einer lebendigen Beizentradition, Turnverein und grossen Industriebetrieben. 2020 pr\u00e4sentiert sich Horw als moderne Agglomerationsgemeinde, die sich in (fast) allen Bereichen ver\u00e4ndert und weiterentwickelt hat.<\/p>\n\n\n\n<div class=\"wp-block-media-text alignwide is-stacked-on-mobile is-vertically-aligned-top\" style=\"grid-template-columns:43% auto\"><figure class=\"wp-block-media-text__media\"><a href=\"https:\/\/www.horwimwandel.ch\/cms\/wp-content\/uploads\/2023\/04\/Buch-offen.jpg\"><img loading=\"lazy\" decoding=\"async\" width=\"1379\" height=\"1024\" src=\"https:\/\/www.horwimwandel.ch\/cms\/wp-content\/uploads\/2023\/04\/Buch-offen-1379x1024.jpg\" alt=\"\" class=\"wp-image-3281 size-full\" srcset=\"https:\/\/www.horwimwandel.ch\/cms\/wp-content\/uploads\/2023\/04\/Buch-offen-1379x1024.jpg 1379w, https:\/\/www.horwimwandel.ch\/cms\/wp-content\/uploads\/2023\/04\/Buch-offen-300x223.jpg 300w, https:\/\/www.horwimwandel.ch\/cms\/wp-content\/uploads\/2023\/04\/Buch-offen-768x570.jpg 768w, https:\/\/www.horwimwandel.ch\/cms\/wp-content\/uploads\/2023\/04\/Buch-offen-800x594.jpg 800w, https:\/\/www.horwimwandel.ch\/cms\/wp-content\/uploads\/2023\/04\/Buch-offen.jpg 1500w\" sizes=\"auto, (max-width: 1379px) 100vw, 1379px\" \/><\/a><\/figure><div class=\"wp-block-media-text__content\">\n<p>Die Publikation &#8222;Horw im Wandel&#8220; ist ein Buch, das die Gemeind Horw im Jahr 2020 herausgegeben hat. zum Projekt geh\u00f6rt auch diese Webseite, die im Laufe der Zeit um weitere r\u00fcckblickende Informationen erweitert wurde. <\/p>\n\n\n\n<p>&#8222;Horw im Wandel&#8220; gibt Einblick in die j\u00fcngere Horwer Geschichte, die mit der Herausgabe des Buches im Jahr 2020 endet. Es werden Momente und Ver\u00e4nderungen festgehalten, die Horw in den vergangenen Jahrzehnten bewegt und gepr\u00e4gt haben \u2013 ohne Anspruch auf Vollst\u00e4ndigkeit. <\/p>\n\n\n\n<p>&#8222;Horw im Wandel&#8220; basiert auf Dutzenden von Gespr\u00e4chen mit Zeitzeugen, die die Ver\u00e4nderungen der Gemeinde \u00fcber Jahrzehnte hinweg miterlebten. Lebendiger kann Geschichtsschreibung nicht sein.<\/p>\n<\/div><\/div>\n\n\n\n<p><\/p>\n\n\n\n<p><\/p>\n","protected":false},"excerpt":{"rendered":"<p>Horw im Wandel der Zeit \u2013 Ein Schlaglicht im Jahr 2020 Horw um 1950. Eine beschauliche Gemeinde mit knapp 4\u2019700 Einwohnerinnen und Einwohnern. Noch ohne Autobahn und Sportanlage Seefeld, aber mit einer lebendigen Beizentradition, Turnverein und grossen Industriebetrieben. 2020 pr\u00e4sentiert sich Horw als moderne Agglomerationsgemeinde, die sich in (fast) allen Bereichen ver\u00e4ndert und weiterentwickelt hat. Die Publikation &#8222;Horw im Wandel&#8220; ist ein Buch, das die Gemeind Horw im Jahr 2020 herausgegeben hat. zum Projekt geh\u00f6rt auch diese Webseite, die im Laufe der Zeit um weitere r\u00fcckblickende Informationen erweitert wurde. &#8222;Horw im Wandel&#8220; gibt Einblick in die j\u00fcngere Horwer Geschichte, die mit der Herausgabe des Buches im Jahr 2020 endet. Es werden Momente und Ver\u00e4nderungen festgehalten, die Horw in den vergangenen Jahrzehnten bewegt und gepr\u00e4gt haben \u2013 ohne Anspruch auf Vollst\u00e4ndigkeit. &#8222;Horw im Wandel&#8220; basiert auf Dutzenden von Gespr\u00e4chen mit Zeitzeugen, die die Ver\u00e4nderungen der Gemeinde \u00fcber Jahrzehnte hinweg miterlebten. Lebendiger kann Geschichtsschreibung nicht sein.<\/p>\n","protected":false},"author":1,"featured_media":0,"parent":0,"menu_order":0,"comment_status":"closed","ping_status":"closed","template":"","meta":{"footnotes":""},"class_list":["post-2166","page","type-page","status-publish","hentry"],"_links":{"self":[{"href":"https:\/\/www.horwimwandel.ch\/cms\/wp-json\/wp\/v2\/pages\/2166","targetHints":{"allow":["GET"]}}],"collection":[{"href":"https:\/\/www.horwimwandel.ch\/cms\/wp-json\/wp\/v2\/pages"}],"about":[{"href":"https:\/\/www.horwimwandel.ch\/cms\/wp-json\/wp\/v2\/types\/page"}],"author":[{"embeddable":true,"href":"https:\/\/www.horwimwandel.ch\/cms\/wp-json\/wp\/v2\/users\/1"}],"replies":[{"embeddable":true,"href":"https:\/\/www.horwimwandel.ch\/cms\/wp-json\/wp\/v2\/comments?post=2166"}],"version-history":[{"count":5,"href":"https:\/\/www.horwimwandel.ch\/cms\/wp-json\/wp\/v2\/pages\/2166\/revisions"}],"predecessor-version":[{"id":3345,"href":"https:\/\/www.horwimwandel.ch\/cms\/wp-json\/wp\/v2\/pages\/2166\/revisions\/3345"}],"wp:attachment":[{"href":"https:\/\/www.horwimwandel.ch\/cms\/wp-json\/wp\/v2\/media?parent=2166"}],"curies":[{"name":"wp","href":"https:\/\/api.w.org\/{rel}","templated":true}]}}

<h2 class="wp-block-heading">Horw im Wandel der Zeit – Ein Schlaglicht im Jahr 2020</h2>



<p>Horw um 1950. Eine beschauliche Gemeinde mit knapp 4’700 Einwohnerinnen und Einwohnern. Noch ohne Autobahn und Sportanlage Seefeld, aber mit einer lebendigen Beizentradition, Turnverein und grossen Industriebetrieben. 2020 präsentiert sich Horw als moderne Agglomerationsgemeinde, die sich in (fast) allen Bereichen verändert und weiterentwickelt hat.</p>



<div class="wp-block-media-text alignwide is-stacked-on-mobile is-vertically-aligned-top" style="grid-template-columns:43% auto"><figure class="wp-block-media-text__media"><a href="https://www.horwimwandel.ch/cms/wp-content/uploads/2023/04/Buch-offen.jpg"><img loading="lazy" decoding="async" width="1379" height="1024" src="https://www.horwimwandel.ch/cms/wp-content/uploads/2023/04/Buch-offen-1379x1024.jpg" alt="" class="wp-image-3281 size-full" srcset="https://www.horwimwandel.ch/cms/wp-content/uploads/2023/04/Buch-offen-1379x1024.jpg 1379w, https://www.horwimwandel.ch/cms/wp-content/uploads/2023/04/Buch-offen-300x223.jpg 300w, https://www.horwimwandel.ch/cms/wp-content/uploads/2023/04/Buch-offen-768x570.jpg 768w, https://www.horwimwandel.ch/cms/wp-content/uploads/2023/04/Buch-offen-800x594.jpg 800w, https://www.horwimwandel.ch/cms/wp-content/uploads/2023/04/Buch-offen.jpg 1500w" sizes="auto, (max-width: 1379px) 100vw, 1379px" /></a></figure><div class="wp-block-media-text__content">
<p>Die Publikation &#8222;Horw im Wandel&#8220; ist ein Buch, das die Gemeind Horw im Jahr 2020 herausgegeben hat. zum Projekt gehört auch diese Webseite, die im Laufe der Zeit um weitere rückblickende Informationen erweitert wurde. </p>



<p>&#8222;Horw im Wandel&#8220; gibt Einblick in die jüngere Horwer Geschichte, die mit der Herausgabe des Buches im Jahr 2020 endet. Es werden Momente und Veränderungen festgehalten, die Horw in den vergangenen Jahrzehnten bewegt und geprägt haben – ohne Anspruch auf Vollständigkeit. </p>



<p>&#8222;Horw im Wandel&#8220; basiert auf Dutzenden von Gesprächen mit Zeitzeugen, die die Veränderungen der Gemeinde über Jahrzehnte hinweg miterlebten. Lebendiger kann Geschichtsschreibung nicht sein.</p>
</div></div>



<p></p>



<p></p>

<p>Horw im Wandel der Zeit – Ein Schlaglicht im Jahr 2020 Horw um 1950. Eine beschauliche Gemeinde mit knapp 4’700 Einwohnerinnen und Einwohnern. Noch ohne Autobahn und Sportanlage Seefeld, aber mit einer lebendigen Beizentradition, Turnverein und grossen Industriebetrieben. 2020 präsentiert sich Horw als moderne Agglomerationsgemeinde, die sich in (fast) allen Bereichen verändert und weiterentwickelt hat. Die Publikation &#8222;Horw im Wandel&#8220; ist ein Buch, das die Gemeind Horw im Jahr 2020 herausgegeben hat. zum Projekt gehört auch diese Webseite, die im Laufe der Zeit um weitere rückblickende Informationen erweitert wurde. &#8222;Horw im Wandel&#8220; gibt Einblick in die jüngere Horwer Geschichte, die mit der Herausgabe des Buches im Jahr 2020 endet. Es werden Momente und Veränderungen festgehalten, die Horw in den vergangenen Jahrzehnten bewegt und geprägt haben – ohne Anspruch auf Vollständigkeit. &#8222;Horw im Wandel&#8220; basiert auf Dutzenden von Gesprächen mit Zeitzeugen, die die Veränderungen der Gemeinde über Jahrzehnte hinweg miterlebten. Lebendiger kann Geschichtsschreibung nicht sein.</p>
