{"id":3110,"date":"2023-04-27T08:51:56","date_gmt":"2023-04-27T08:51:56","guid":{"rendered":"https:\/\/www.horwimwandel.ch\/cms\/?page_id=3110"},"modified":"2023-05-03T06:57:01","modified_gmt":"2023-05-03T06:57:01","slug":"schlagzeilen","status":"publish","type":"page","link":"https:\/\/www.horwimwandel.ch\/cms\/schlagzeilen\/","title":{"rendered":"Schlagzeilen"},"content":{"rendered":"\n<h1 class=\"wp-block-heading\">Schlagzeilen<\/h1>\n\n\n<div class=\"lightweight-accordion\"><details><summary class=\"lightweight-accordion-title\"><span><i class=\"far fa-file-lines\"><\/i> Flugzeugabsturz im Biregg-Wald (1945)<\/span><\/summary><div class=\"lightweight-accordion-body\">\n\n<p>Abenteuerliche Flucht aus Ungarn und Landung in D\u00fcbendorf auf Grund fingierter Flugbefehle: Im Bireggwald st\u00fcrzt 1952 ein Flugzeug ab, das f\u00fcr eine abenteuerliche Flucht gedient hatte.<\/p>\n\n\n\n<p><a href=\"https:\/\/warbird.ch\/wb-events\/flucht-in-die-schweiz\/\">Bericht auf warbird.ch<\/a><\/p>\n\n<\/div><\/details><\/div>\n\n<div class=\"lightweight-accordion\"><details><summary class=\"lightweight-accordion-title\"><span><i class=\"far fa-file-lines\"><\/i> Geht der Krug zum Brunnen, bis er bricht? (1966)<\/span><\/summary><div class=\"lightweight-accordion-body\">\n\n<p>Horw geriet wegen der mangelhaften Abwasserreinigung in die Schlagzeilen.<\/p>\n\n\n\n<p><a href=\"https:\/\/www.horwimwandel.ch\/cms\/wp-content\/uploads\/2023\/04\/si_19660207_0_0_10-Gewaesserschutz-negativ.pdf\">Schweizer Illustrierte, 2. Juli 1966<\/a><\/p>\n\n<\/div><\/details><\/div>\n\n<div class=\"lightweight-accordion\"><details><summary class=\"lightweight-accordion-title\"><span><i class=\"far fa-image\"><\/i> \u00dcberschwemmung (1972)<\/span><\/summary><div class=\"lightweight-accordion-body\">\n\n<p>\u00dcberschwemmung in Horw, Foto vom 26. Juli 1972<\/p>\n\n\n\n<figure class=\"wp-block-image size-large\"><img loading=\"lazy\" decoding=\"async\" width=\"1631\" height=\"1024\" src=\"https:\/\/www.horwimwandel.ch\/cms\/wp-content\/uploads\/2023\/04\/dorfbach_hochwasser_schulhausstrasse_1972_01-1631x1024.jpg\" alt=\"\" class=\"wp-image-3119\" srcset=\"https:\/\/www.horwimwandel.ch\/cms\/wp-content\/uploads\/2023\/04\/dorfbach_hochwasser_schulhausstrasse_1972_01-1631x1024.jpg 1631w, https:\/\/www.horwimwandel.ch\/cms\/wp-content\/uploads\/2023\/04\/dorfbach_hochwasser_schulhausstrasse_1972_01-300x188.jpg 300w, https:\/\/www.horwimwandel.ch\/cms\/wp-content\/uploads\/2023\/04\/dorfbach_hochwasser_schulhausstrasse_1972_01-768x482.jpg 768w, https:\/\/www.horwimwandel.ch\/cms\/wp-content\/uploads\/2023\/04\/dorfbach_hochwasser_schulhausstrasse_1972_01-1536x965.jpg 1536w, https:\/\/www.horwimwandel.ch\/cms\/wp-content\/uploads\/2023\/04\/dorfbach_hochwasser_schulhausstrasse_1972_01-2048x1286.jpg 2048w, https:\/\/www.horwimwandel.ch\/cms\/wp-content\/uploads\/2023\/04\/dorfbach_hochwasser_schulhausstrasse_1972_01-800x502.jpg 800w, https:\/\/www.horwimwandel.ch\/cms\/wp-content\/uploads\/2023\/04\/dorfbach_hochwasser_schulhausstrasse_1972_01-320x202.jpg 320w\" sizes=\"auto, (max-width: 1631px) 100vw, 1631px\" \/><\/figure>\n\n<\/div><\/details><\/div>\n\n<div class=\"lightweight-accordion\"><details><summary class=\"lightweight-accordion-title\"><span><i class=\"far fa-image\"><\/i> Jahrhundertunwetter (1988)<\/span><\/summary><div class=\"lightweight-accordion-body\">\n\n<p>\u00dcberschwemmung im Juli 1988<\/p>\n\n\n\n<figure class=\"wp-block-image size-large\"><img loading=\"lazy\" decoding=\"async\" width=\"1512\" height=\"1024\" src=\"https:\/\/www.horwimwandel.ch\/cms\/wp-content\/uploads\/2023\/04\/ueberschwemmung_rankried_1988_01-1512x1024.jpg\" alt=\"\" class=\"wp-image-3122\" srcset=\"https:\/\/www.horwimwandel.ch\/cms\/wp-content\/uploads\/2023\/04\/ueberschwemmung_rankried_1988_01-1512x1024.jpg 1512w, https:\/\/www.horwimwandel.ch\/cms\/wp-content\/uploads\/2023\/04\/ueberschwemmung_rankried_1988_01-300x203.jpg 300w, https:\/\/www.horwimwandel.ch\/cms\/wp-content\/uploads\/2023\/04\/ueberschwemmung_rankried_1988_01-768x520.jpg 768w, https:\/\/www.horwimwandel.ch\/cms\/wp-content\/uploads\/2023\/04\/ueberschwemmung_rankried_1988_01-1536x1040.jpg 1536w, https:\/\/www.horwimwandel.ch\/cms\/wp-content\/uploads\/2023\/04\/ueberschwemmung_rankried_1988_01-2048x1387.jpg 2048w, https:\/\/www.horwimwandel.ch\/cms\/wp-content\/uploads\/2023\/04\/ueberschwemmung_rankried_1988_01-800x542.jpg 800w\" sizes=\"auto, (max-width: 1512px) 100vw, 1512px\" \/><\/figure>\n\n<\/div><\/details><\/div>\n\n<div class=\"lightweight-accordion\"><details><summary class=\"lightweight-accordion-title\"><span><i class=\"fas fa-video\"><\/i> Vater pr\u00fcgelt Baby tot (2000)<\/span><\/summary><div class=\"lightweight-accordion-body\">\n\n<p>In Horw ist ein S\u00e4ugling vom eignen Vater umgebracht worden. Schweiz aktuell SRF, 29. November 2000<\/p>\n\n\n\n<p><iframe loading=\"lazy\" src=\"https:\/\/www.srf.ch\/play\/embed?urn=urn:srf:video:af37f977-b14a-46f0-8a1a-1e88a2888cc8&amp;subdivisions=false\" allowfullscreen=\"\" allow=\"geolocation *; autoplay; encrypted-media\" width=\"1200\" height=\"675\"><\/iframe><\/p>\n\n<\/div><\/details><\/div>\n\n<div class=\"lightweight-accordion\"><details><summary class=\"lightweight-accordion-title\"><span><i class=\"far fa-file-lines\"><\/i> Verhaftet! Zuh\u00e4lter pferchte 10 Frauen in 1 Zimmer (2002)<\/span><\/summary><div class=\"lightweight-accordion-body\">\n\n<p><a href=\"https:\/\/www.horwimwandel.ch\/cms\/wp-content\/uploads\/2023\/04\/2002-Frauenhandel-Sexsalon.pdf\">Sonntagsblick, 10. November 2002<\/a><\/p>\n\n<\/div><\/details><\/div>\n\n<div class=\"lightweight-accordion\"><details><summary class=\"lightweight-accordion-title\"><span><i class=\"fas fa-radio\"><\/i> Prozess im T\u00f6tungsfall Horw (2004)<\/span><\/summary><div class=\"lightweight-accordion-body\">\n\n<p>Im Juni 2002 wurde eine 66-j\u00e4hrige Frau in ihrer Villa von einem fr\u00fcheren Z\u00fcgelmann ermordet. Sie hatte ihn beim Diebstahl erwischt, worauf er sie umgebracht hat. Staatsanwalt Isenschmid pl\u00e4diert auf vors\u00e4tzliche T\u00f6tung. Regionaljournal Zentralschweiz SRF, 10. Dezember 2004<\/p>\n\n\n\n<figure class=\"wp-block-audio\"><audio controls src=\"https:\/\/www.horwimwandel.ch\/cms\/wp-content\/uploads\/2023\/04\/4_Prozess_im_Toetungsfall_Horw.wav.wav\"><\/audio><\/figure>\n\n<\/div><\/details><\/div>\n\n<div class=\"lightweight-accordion\"><details><summary class=\"lightweight-accordion-title\"><span><i class=\"far fa-file-lines\"><\/i> Das Horror-Hochhaus von Horw \u2013 gefangen im 10. Stock (2009)<\/span><\/summary><div class=\"lightweight-accordion-body\">\n\n<p>105 Tage stand der Lift dieses Wohnblocks still, weil die Verwaltung Geld sparen wollte. Die Folgen f\u00fcr die betagten Bewohner waren verheerend. <\/p>\n\n\n\n<p><a href=\"https:\/\/www.horwimwandel.ch\/cms\/wp-content\/uploads\/2023\/04\/2009-Lift-fuer-alte-Leute-fiel-109-Tage-aus.pdf\">Blick, 10. Oktober 2009<\/a><\/p>\n\n<\/div><\/details><\/div>\n\n<div class=\"lightweight-accordion\"><details><summary class=\"lightweight-accordion-title\"><span><i class=\"fas fa-video\"><\/i> Hausbrand in Horw (2012)<\/span><\/summary><div class=\"lightweight-accordion-body\">\n\n<p>Mitten im Dorfkern von Horw ist ein altes Haus abgebrannt. Bei dem Inferno kam eine Person ums Leben. Es standen \u00fcber 100 Einsatzkr\u00e4fte im Einsatz. Tagesschau SRF, 5. Februar 2012, im Beitrag ab 3:45 Minuten<\/p>\n\n\n\n<p><iframe loading=\"lazy\" src=\"https:\/\/www.srf.ch\/play\/embed?urn=urn:srf:video:6878b0d3-b3fc-4740-b2d0-959dca40335c&amp;subdivisions=false\" allowfullscreen=\"\" allow=\"geolocation *; autoplay; encrypted-media\" width=\"1200\" height=\"675\"><\/iframe><\/p>\n\n<\/div><\/details><\/div>\n\n<div class=\"lightweight-accordion\"><details><summary class=\"lightweight-accordion-title\"><span><i class=\"far fa-file-lines\"><\/i> \u00dcberraschende Entdeckung: Beilklinge ist 6000 Jahre alt (2013)<\/span><\/summary><div class=\"lightweight-accordion-body\">\n\n<p><\/p>\n\n\n\n<div class=\"wp-block-media-text alignwide is-stacked-on-mobile is-vertically-aligned-top\" style=\"grid-template-columns:25% auto\"><figure class=\"wp-block-media-text__media\"><a href=\"https:\/\/www.horwimwandel.ch\/cms\/wp-content\/uploads\/2023\/04\/201305-aeltester-Metall-in-CH-gefunden-in-Horw-1933859.jpg\"><img loading=\"lazy\" decoding=\"async\" width=\"698\" height=\"1024\" src=\"https:\/\/www.horwimwandel.ch\/cms\/wp-content\/uploads\/2023\/04\/201305-aeltester-Metall-in-CH-gefunden-in-Horw-1933859-698x1024.jpg\" alt=\"\" class=\"wp-image-3163 size-full\" srcset=\"https:\/\/www.horwimwandel.ch\/cms\/wp-content\/uploads\/2023\/04\/201305-aeltester-Metall-in-CH-gefunden-in-Horw-1933859-698x1024.jpg 698w, https:\/\/www.horwimwandel.ch\/cms\/wp-content\/uploads\/2023\/04\/201305-aeltester-Metall-in-CH-gefunden-in-Horw-1933859-204x300.jpg 204w, https:\/\/www.horwimwandel.ch\/cms\/wp-content\/uploads\/2023\/04\/201305-aeltester-Metall-in-CH-gefunden-in-Horw-1933859-768x1127.jpg 768w, https:\/\/www.horwimwandel.ch\/cms\/wp-content\/uploads\/2023\/04\/201305-aeltester-Metall-in-CH-gefunden-in-Horw-1933859-1046x1536.jpg 1046w, https:\/\/www.horwimwandel.ch\/cms\/wp-content\/uploads\/2023\/04\/201305-aeltester-Metall-in-CH-gefunden-in-Horw-1933859-800x1174.jpg 800w, https:\/\/www.horwimwandel.ch\/cms\/wp-content\/uploads\/2023\/04\/201305-aeltester-Metall-in-CH-gefunden-in-Horw-1933859.jpg 1261w\" sizes=\"auto, (max-width: 698px) 100vw, 698px\" \/><\/a><\/figure><div class=\"wp-block-media-text__content\">\n<p>1920 wurde in Horw eine Beilklinge gefunden, die nun als \u00e4ltester Metallfund in der Schweiz identifiziert wurde. Luzerner Zeitung, 1. Juni 2013<br><br><i class=\"fas fa-arrow-left-long\"><\/i> Zum vergr\u00f6ssern Bild anklicken<\/p>\n<\/div><\/div>\n\n<\/div><\/details><\/div>","protected":false},"excerpt":{"rendered":"<p>Schlagzeilen<\/p>\n","protected":false},"author":1,"featured_media":0,"parent":0,"menu_order":0,"comment_status":"closed","ping_status":"closed","template":"","meta":{"footnotes":""},"class_list":["post-3110","page","type-page","status-publish","hentry"],"_links":{"self":[{"href":"https:\/\/www.horwimwandel.ch\/cms\/wp-json\/wp\/v2\/pages\/3110","targetHints":{"allow":["GET"]}}],"collection":[{"href":"https:\/\/www.horwimwandel.ch\/cms\/wp-json\/wp\/v2\/pages"}],"about":[{"href":"https:\/\/www.horwimwandel.ch\/cms\/wp-json\/wp\/v2\/types\/page"}],"author":[{"embeddable":true,"href":"https:\/\/www.horwimwandel.ch\/cms\/wp-json\/wp\/v2\/users\/1"}],"replies":[{"embeddable":true,"href":"https:\/\/www.horwimwandel.ch\/cms\/wp-json\/wp\/v2\/comments?post=3110"}],"version-history":[{"count":15,"href":"https:\/\/www.horwimwandel.ch\/cms\/wp-json\/wp\/v2\/pages\/3110\/revisions"}],"predecessor-version":[{"id":3518,"href":"https:\/\/www.horwimwandel.ch\/cms\/wp-json\/wp\/v2\/pages\/3110\/revisions\/3518"}],"wp:attachment":[{"href":"https:\/\/www.horwimwandel.ch\/cms\/wp-json\/wp\/v2\/media?parent=3110"}],"curies":[{"name":"wp","href":"https:\/\/api.w.org\/{rel}","templated":true}]}}

<h1 class="wp-block-heading">Schlagzeilen</h1>


<div class="lightweight-accordion"><details><summary class="lightweight-accordion-title"><span><i class="far fa-file-lines"></i> Flugzeugabsturz im Biregg-Wald (1945)</span></summary><div class="lightweight-accordion-body">

<p>Abenteuerliche Flucht aus Ungarn und Landung in Dübendorf auf Grund fingierter Flugbefehle: Im Bireggwald stürzt 1952 ein Flugzeug ab, das für eine abenteuerliche Flucht gedient hatte.</p>



<p><a href="https://warbird.ch/wb-events/flucht-in-die-schweiz/">Bericht auf warbird.ch</a></p>

</div></details></div>

<div class="lightweight-accordion"><details><summary class="lightweight-accordion-title"><span><i class="far fa-file-lines"></i> Geht der Krug zum Brunnen, bis er bricht? (1966)</span></summary><div class="lightweight-accordion-body">

<p>Horw geriet wegen der mangelhaften Abwasserreinigung in die Schlagzeilen.</p>



<p><a href="https://www.horwimwandel.ch/cms/wp-content/uploads/2023/04/si_19660207_0_0_10-Gewaesserschutz-negativ.pdf">Schweizer Illustrierte, 2. Juli 1966</a></p>

</div></details></div>

<div class="lightweight-accordion"><details><summary class="lightweight-accordion-title"><span><i class="far fa-image"></i> Überschwemmung (1972)</span></summary><div class="lightweight-accordion-body">

<p>Überschwemmung in Horw, Foto vom 26. Juli 1972</p>



<figure class="wp-block-image size-large"><img loading="lazy" decoding="async" width="1631" height="1024" src="https://www.horwimwandel.ch/cms/wp-content/uploads/2023/04/dorfbach_hochwasser_schulhausstrasse_1972_01-1631x1024.jpg" alt="" class="wp-image-3119" srcset="https://www.horwimwandel.ch/cms/wp-content/uploads/2023/04/dorfbach_hochwasser_schulhausstrasse_1972_01-1631x1024.jpg 1631w, https://www.horwimwandel.ch/cms/wp-content/uploads/2023/04/dorfbach_hochwasser_schulhausstrasse_1972_01-300x188.jpg 300w, https://www.horwimwandel.ch/cms/wp-content/uploads/2023/04/dorfbach_hochwasser_schulhausstrasse_1972_01-768x482.jpg 768w, https://www.horwimwandel.ch/cms/wp-content/uploads/2023/04/dorfbach_hochwasser_schulhausstrasse_1972_01-1536x965.jpg 1536w, https://www.horwimwandel.ch/cms/wp-content/uploads/2023/04/dorfbach_hochwasser_schulhausstrasse_1972_01-2048x1286.jpg 2048w, https://www.horwimwandel.ch/cms/wp-content/uploads/2023/04/dorfbach_hochwasser_schulhausstrasse_1972_01-800x502.jpg 800w, https://www.horwimwandel.ch/cms/wp-content/uploads/2023/04/dorfbach_hochwasser_schulhausstrasse_1972_01-320x202.jpg 320w" sizes="auto, (max-width: 1631px) 100vw, 1631px" /></figure>

</div></details></div>

<div class="lightweight-accordion"><details><summary class="lightweight-accordion-title"><span><i class="far fa-image"></i> Jahrhundertunwetter (1988)</span></summary><div class="lightweight-accordion-body">

<p>Überschwemmung im Juli 1988</p>



<figure class="wp-block-image size-large"><img loading="lazy" decoding="async" width="1512" height="1024" src="https://www.horwimwandel.ch/cms/wp-content/uploads/2023/04/ueberschwemmung_rankried_1988_01-1512x1024.jpg" alt="" class="wp-image-3122" srcset="https://www.horwimwandel.ch/cms/wp-content/uploads/2023/04/ueberschwemmung_rankried_1988_01-1512x1024.jpg 1512w, https://www.horwimwandel.ch/cms/wp-content/uploads/2023/04/ueberschwemmung_rankried_1988_01-300x203.jpg 300w, https://www.horwimwandel.ch/cms/wp-content/uploads/2023/04/ueberschwemmung_rankried_1988_01-768x520.jpg 768w, https://www.horwimwandel.ch/cms/wp-content/uploads/2023/04/ueberschwemmung_rankried_1988_01-1536x1040.jpg 1536w, https://www.horwimwandel.ch/cms/wp-content/uploads/2023/04/ueberschwemmung_rankried_1988_01-2048x1387.jpg 2048w, https://www.horwimwandel.ch/cms/wp-content/uploads/2023/04/ueberschwemmung_rankried_1988_01-800x542.jpg 800w" sizes="auto, (max-width: 1512px) 100vw, 1512px" /></figure>

</div></details></div>

<div class="lightweight-accordion"><details><summary class="lightweight-accordion-title"><span><i class="fas fa-video"></i> Vater prügelt Baby tot (2000)</span></summary><div class="lightweight-accordion-body">

<p>In Horw ist ein Säugling vom eignen Vater umgebracht worden. Schweiz aktuell SRF, 29. November 2000</p>



<p><iframe loading="lazy" src="https://www.srf.ch/play/embed?urn=urn:srf:video:af37f977-b14a-46f0-8a1a-1e88a2888cc8&amp;subdivisions=false" allowfullscreen="" allow="geolocation *; autoplay; encrypted-media" width="1200" height="675"></iframe></p>

</div></details></div>

<div class="lightweight-accordion"><details><summary class="lightweight-accordion-title"><span><i class="far fa-file-lines"></i> Verhaftet! Zuhälter pferchte 10 Frauen in 1 Zimmer (2002)</span></summary><div class="lightweight-accordion-body">

<p><a href="https://www.horwimwandel.ch/cms/wp-content/uploads/2023/04/2002-Frauenhandel-Sexsalon.pdf">Sonntagsblick, 10. November 2002</a></p>

</div></details></div>

<div class="lightweight-accordion"><details><summary class="lightweight-accordion-title"><span><i class="fas fa-radio"></i> Prozess im Tötungsfall Horw (2004)</span></summary><div class="lightweight-accordion-body">

<p>Im Juni 2002 wurde eine 66-jährige Frau in ihrer Villa von einem früheren Zügelmann ermordet. Sie hatte ihn beim Diebstahl erwischt, worauf er sie umgebracht hat. Staatsanwalt Isenschmid plädiert auf vorsätzliche Tötung. Regionaljournal Zentralschweiz SRF, 10. Dezember 2004</p>



<figure class="wp-block-audio"><audio controls src="https://www.horwimwandel.ch/cms/wp-content/uploads/2023/04/4_Prozess_im_Toetungsfall_Horw.wav.wav"></audio></figure>

</div></details></div>

<div class="lightweight-accordion"><details><summary class="lightweight-accordion-title"><span><i class="far fa-file-lines"></i> Das Horror-Hochhaus von Horw – gefangen im 10. Stock (2009)</span></summary><div class="lightweight-accordion-body">

<p>105 Tage stand der Lift dieses Wohnblocks still, weil die Verwaltung Geld sparen wollte. Die Folgen für die betagten Bewohner waren verheerend. </p>



<p><a href="https://www.horwimwandel.ch/cms/wp-content/uploads/2023/04/2009-Lift-fuer-alte-Leute-fiel-109-Tage-aus.pdf">Blick, 10. Oktober 2009</a></p>

</div></details></div>

<div class="lightweight-accordion"><details><summary class="lightweight-accordion-title"><span><i class="fas fa-video"></i> Hausbrand in Horw (2012)</span></summary><div class="lightweight-accordion-body">

<p>Mitten im Dorfkern von Horw ist ein altes Haus abgebrannt. Bei dem Inferno kam eine Person ums Leben. Es standen über 100 Einsatzkräfte im Einsatz. Tagesschau SRF, 5. Februar 2012, im Beitrag ab 3:45 Minuten</p>



<p><iframe loading="lazy" src="https://www.srf.ch/play/embed?urn=urn:srf:video:6878b0d3-b3fc-4740-b2d0-959dca40335c&amp;subdivisions=false" allowfullscreen="" allow="geolocation *; autoplay; encrypted-media" width="1200" height="675"></iframe></p>

</div></details></div>

<div class="lightweight-accordion"><details><summary class="lightweight-accordion-title"><span><i class="far fa-file-lines"></i> Überraschende Entdeckung: Beilklinge ist 6000 Jahre alt (2013)</span></summary><div class="lightweight-accordion-body">

<p></p>



<div class="wp-block-media-text alignwide is-stacked-on-mobile is-vertically-aligned-top" style="grid-template-columns:25% auto"><figure class="wp-block-media-text__media"><a href="https://www.horwimwandel.ch/cms/wp-content/uploads/2023/04/201305-aeltester-Metall-in-CH-gefunden-in-Horw-1933859.jpg"><img loading="lazy" decoding="async" width="698" height="1024" src="https://www.horwimwandel.ch/cms/wp-content/uploads/2023/04/201305-aeltester-Metall-in-CH-gefunden-in-Horw-1933859-698x1024.jpg" alt="" class="wp-image-3163 size-full" srcset="https://www.horwimwandel.ch/cms/wp-content/uploads/2023/04/201305-aeltester-Metall-in-CH-gefunden-in-Horw-1933859-698x1024.jpg 698w, https://www.horwimwandel.ch/cms/wp-content/uploads/2023/04/201305-aeltester-Metall-in-CH-gefunden-in-Horw-1933859-204x300.jpg 204w, https://www.horwimwandel.ch/cms/wp-content/uploads/2023/04/201305-aeltester-Metall-in-CH-gefunden-in-Horw-1933859-768x1127.jpg 768w, https://www.horwimwandel.ch/cms/wp-content/uploads/2023/04/201305-aeltester-Metall-in-CH-gefunden-in-Horw-1933859-1046x1536.jpg 1046w, https://www.horwimwandel.ch/cms/wp-content/uploads/2023/04/201305-aeltester-Metall-in-CH-gefunden-in-Horw-1933859-800x1174.jpg 800w, https://www.horwimwandel.ch/cms/wp-content/uploads/2023/04/201305-aeltester-Metall-in-CH-gefunden-in-Horw-1933859.jpg 1261w" sizes="auto, (max-width: 698px) 100vw, 698px" /></a></figure><div class="wp-block-media-text__content">
<p>1920 wurde in Horw eine Beilklinge gefunden, die nun als ältester Metallfund in der Schweiz identifiziert wurde. Luzerner Zeitung, 1. Juni 2013<br><br><i class="fas fa-arrow-left-long"></i> Zum vergrössern Bild anklicken</p>
</div></div>

</div></details></div>
