{"id":627,"date":"2020-03-11T09:11:36","date_gmt":"2020-03-11T09:11:36","guid":{"rendered":"https:\/\/www.horwimwandel.ch\/cms\/?page_id=627"},"modified":"2023-04-28T06:38:48","modified_gmt":"2023-04-28T06:38:48","slug":"downloads","status":"publish","type":"page","link":"https:\/\/www.horwimwandel.ch\/cms\/downloads\/","title":{"rendered":"Downloads"},"content":{"rendered":"\n<h2 class=\"wp-block-heading\">2020: \u00abHorw im Wandel\u00bb<\/h2>\n\n\n\n<div class=\"wp-block-media-text alignwide is-stacked-on-mobile\" style=\"grid-template-columns:28% auto\"><figure class=\"wp-block-media-text__media\"><img loading=\"lazy\" decoding=\"async\" width=\"842\" height=\"1024\" src=\"https:\/\/www.horwimwandel.ch\/cms\/wp-content\/uploads\/2020\/10\/buch-1000-842x1024.jpg\" alt=\"Horw im Wandel - das Buch\" class=\"wp-image-1914 size-full\" srcset=\"https:\/\/www.horwimwandel.ch\/cms\/wp-content\/uploads\/2020\/10\/buch-1000-842x1024.jpg 842w, https:\/\/www.horwimwandel.ch\/cms\/wp-content\/uploads\/2020\/10\/buch-1000-247x300.jpg 247w, https:\/\/www.horwimwandel.ch\/cms\/wp-content\/uploads\/2020\/10\/buch-1000-768x934.jpg 768w, https:\/\/www.horwimwandel.ch\/cms\/wp-content\/uploads\/2020\/10\/buch-1000-800x973.jpg 800w, https:\/\/www.horwimwandel.ch\/cms\/wp-content\/uploads\/2020\/10\/buch-1000.jpg 1000w\" sizes=\"auto, (max-width: 842px) 100vw, 842px\" \/><\/figure><div class=\"wp-block-media-text__content\">\n<div class=\"wp-block-file\"><a id=\"wp-block-file--media-c633b093-fc78-41c0-8f61-b8854302f7f8\" href=\"https:\/\/www.horwimwandel.ch\/cms\/wp-content\/uploads\/2020\/10\/Buch-Horw_im_Wandel-1.pdf\">Das Buch \u00abHorw im Wandel\u00bb widerspiegelt die Geschichten und Ereignisse der vergangenen Jahrzehnte. Zumeist aus der Sicht von Zeitzeugen erf\u00e4hrt man viel \u00fcber den Wandel Horws vom Bauerndorf zur urbanen Agglomerationsgemeinde.<br><br><\/a><a href=\"https:\/\/www.horwimwandel.ch\/cms\/wp-content\/uploads\/2020\/10\/Buch-Horw_im_Wandel-1.pdf\" class=\"wp-block-file__button wp-element-button\" download aria-describedby=\"wp-block-file--media-c633b093-fc78-41c0-8f61-b8854302f7f8\">Herunterladen<\/a><\/div>\n<\/div><\/div>\n\n\n\n<h2 class=\"wp-block-heading\"><br>1986: \u00abHorw \u2013 Die Geschichte einer Gemeinde zwischen See, Berg und Stadt\u00bb<\/h2>\n\n\n\n<div class=\"wp-block-media-text alignwide is-stacked-on-mobile\" style=\"grid-template-columns:28% auto\"><figure class=\"wp-block-media-text__media\"><img loading=\"lazy\" decoding=\"async\" width=\"400\" height=\"487\" src=\"https:\/\/www.horwimwandel.ch\/cms\/wp-content\/uploads\/2020\/10\/hi_buch.jpg\" alt=\"\" class=\"wp-image-1453 size-full\" srcset=\"https:\/\/www.horwimwandel.ch\/cms\/wp-content\/uploads\/2020\/10\/hi_buch.jpg 400w, https:\/\/www.horwimwandel.ch\/cms\/wp-content\/uploads\/2020\/10\/hi_buch-246x300.jpg 246w\" sizes=\"auto, (max-width: 400px) 100vw, 400px\" \/><\/figure><div class=\"wp-block-media-text__content\">\n<div class=\"wp-block-file\"><a id=\"wp-block-file--media-61eb0ba1-4c3c-440e-ba8e-973cfa4b7e73\" href=\"https:\/\/www.horwimwandel.ch\/cms\/wp-content\/uploads\/2020\/10\/Geschichtsbuch_1986.pdf\">Dieses Buch bietet eine breite Aufarbeitung der Geschichte Horws seit den ersten Spuren der Besiedlung. Es beleuchtet die Vergangenheit in verschiedenen Facetten und Themen.<br><br><\/a><a href=\"https:\/\/www.horwimwandel.ch\/cms\/wp-content\/uploads\/2020\/10\/Geschichtsbuch_1986.pdf\" class=\"wp-block-file__button wp-element-button\" download aria-describedby=\"wp-block-file--media-61eb0ba1-4c3c-440e-ba8e-973cfa4b7e73\">Herunterladen<\/a><\/div>\n<\/div><\/div>\n\n\n\n<h2 class=\"wp-block-heading\">1987: \u00abHistorische Urkunden der Gemeinde Horw\u00bb<\/h2>\n\n\n\n<div class=\"wp-block-media-text alignwide is-stacked-on-mobile\" style=\"grid-template-columns:28% auto\"><figure class=\"wp-block-media-text__media\"><img loading=\"lazy\" decoding=\"async\" width=\"500\" height=\"658\" src=\"https:\/\/www.horwimwandel.ch\/cms\/wp-content\/uploads\/2020\/11\/Seiten-aus-historische_urkunden_horw.jpg\" alt=\"\" class=\"wp-image-1970 size-full\" srcset=\"https:\/\/www.horwimwandel.ch\/cms\/wp-content\/uploads\/2020\/11\/Seiten-aus-historische_urkunden_horw.jpg 500w, https:\/\/www.horwimwandel.ch\/cms\/wp-content\/uploads\/2020\/11\/Seiten-aus-historische_urkunden_horw-228x300.jpg 228w\" sizes=\"auto, (max-width: 500px) 100vw, 500px\" \/><\/figure><div class=\"wp-block-media-text__content\">\n<div class=\"wp-block-file\"><a id=\"wp-block-file--media-4511c664-c37d-4b3a-a144-9d96b617544e\" href=\"https:\/\/www.horwimwandel.ch\/cms\/wp-content\/uploads\/2020\/11\/historische_urkunden_horw.pdf\">Eine Sammlung von Urkundenausz\u00fcgen zur\u00fcck bis ins Jahr 843 aus dem Gemeindearchiv, dem Staatsarchiv und dem Stiftsarchiv zur Geschichte von Horw. Die Texte sind in unsere Schrift und unsere Sprache \u00fcbertragen. Man erf\u00e4hrt viel Aufschlussreiches \u00fcber das Leben und die Vorg\u00e4nge in fr\u00fcheren Zeiten.<br><br><\/a><a href=\"https:\/\/www.horwimwandel.ch\/cms\/wp-content\/uploads\/2020\/11\/historische_urkunden_horw.pdf\" class=\"wp-block-file__button wp-element-button\" download aria-describedby=\"wp-block-file--media-4511c664-c37d-4b3a-a144-9d96b617544e\">Herunterladen<\/a><\/div>\n\n\n\n<p><\/p>\n<\/div><\/div>\n\n\n\n<p><\/p>\n","protected":false},"excerpt":{"rendered":"<p>2020: \u00abHorw im Wandel\u00bb 1986: \u00abHorw \u2013 Die Geschichte einer Gemeinde zwischen See, Berg und Stadt\u00bb 1987: \u00abHistorische Urkunden der Gemeinde Horw\u00bb<\/p>\n","protected":false},"author":1,"featured_media":0,"parent":0,"menu_order":0,"comment_status":"closed","ping_status":"closed","template":"","meta":{"footnotes":""},"class_list":["post-627","page","type-page","status-publish","hentry"],"_links":{"self":[{"href":"https:\/\/www.horwimwandel.ch\/cms\/wp-json\/wp\/v2\/pages\/627","targetHints":{"allow":["GET"]}}],"collection":[{"href":"https:\/\/www.horwimwandel.ch\/cms\/wp-json\/wp\/v2\/pages"}],"about":[{"href":"https:\/\/www.horwimwandel.ch\/cms\/wp-json\/wp\/v2\/types\/page"}],"author":[{"embeddable":true,"href":"https:\/\/www.horwimwandel.ch\/cms\/wp-json\/wp\/v2\/users\/1"}],"replies":[{"embeddable":true,"href":"https:\/\/www.horwimwandel.ch\/cms\/wp-json\/wp\/v2\/comments?post=627"}],"version-history":[{"count":20,"href":"https:\/\/www.horwimwandel.ch\/cms\/wp-json\/wp\/v2\/pages\/627\/revisions"}],"predecessor-version":[{"id":3304,"href":"https:\/\/www.horwimwandel.ch\/cms\/wp-json\/wp\/v2\/pages\/627\/revisions\/3304"}],"wp:attachment":[{"href":"https:\/\/www.horwimwandel.ch\/cms\/wp-json\/wp\/v2\/media?parent=627"}],"curies":[{"name":"wp","href":"https:\/\/api.w.org\/{rel}","templated":true}]}}

<h2 class="wp-block-heading">2020: «Horw im Wandel»</h2>



<div class="wp-block-media-text alignwide is-stacked-on-mobile" style="grid-template-columns:28% auto"><figure class="wp-block-media-text__media"><img loading="lazy" decoding="async" width="842" height="1024" src="https://www.horwimwandel.ch/cms/wp-content/uploads/2020/10/buch-1000-842x1024.jpg" alt="Horw im Wandel - das Buch" class="wp-image-1914 size-full" srcset="https://www.horwimwandel.ch/cms/wp-content/uploads/2020/10/buch-1000-842x1024.jpg 842w, https://www.horwimwandel.ch/cms/wp-content/uploads/2020/10/buch-1000-247x300.jpg 247w, https://www.horwimwandel.ch/cms/wp-content/uploads/2020/10/buch-1000-768x934.jpg 768w, https://www.horwimwandel.ch/cms/wp-content/uploads/2020/10/buch-1000-800x973.jpg 800w, https://www.horwimwandel.ch/cms/wp-content/uploads/2020/10/buch-1000.jpg 1000w" sizes="auto, (max-width: 842px) 100vw, 842px" /></figure><div class="wp-block-media-text__content">
<div class="wp-block-file"><a id="wp-block-file--media-c633b093-fc78-41c0-8f61-b8854302f7f8" href="https://www.horwimwandel.ch/cms/wp-content/uploads/2020/10/Buch-Horw_im_Wandel-1.pdf">Das Buch «Horw im Wandel» widerspiegelt die Geschichten und Ereignisse der vergangenen Jahrzehnte. Zumeist aus der Sicht von Zeitzeugen erfährt man viel über den Wandel Horws vom Bauerndorf zur urbanen Agglomerationsgemeinde.<br><br></a><a href="https://www.horwimwandel.ch/cms/wp-content/uploads/2020/10/Buch-Horw_im_Wandel-1.pdf" class="wp-block-file__button wp-element-button" download aria-describedby="wp-block-file--media-c633b093-fc78-41c0-8f61-b8854302f7f8">Herunterladen</a></div>
</div></div>



<h2 class="wp-block-heading"><br>1986: «Horw – Die Geschichte einer Gemeinde zwischen See, Berg und Stadt»</h2>



<div class="wp-block-media-text alignwide is-stacked-on-mobile" style="grid-template-columns:28% auto"><figure class="wp-block-media-text__media"><img loading="lazy" decoding="async" width="400" height="487" src="https://www.horwimwandel.ch/cms/wp-content/uploads/2020/10/hi_buch.jpg" alt="" class="wp-image-1453 size-full" srcset="https://www.horwimwandel.ch/cms/wp-content/uploads/2020/10/hi_buch.jpg 400w, https://www.horwimwandel.ch/cms/wp-content/uploads/2020/10/hi_buch-246x300.jpg 246w" sizes="auto, (max-width: 400px) 100vw, 400px" /></figure><div class="wp-block-media-text__content">
<div class="wp-block-file"><a id="wp-block-file--media-61eb0ba1-4c3c-440e-ba8e-973cfa4b7e73" href="https://www.horwimwandel.ch/cms/wp-content/uploads/2020/10/Geschichtsbuch_1986.pdf">Dieses Buch bietet eine breite Aufarbeitung der Geschichte Horws seit den ersten Spuren der Besiedlung. Es beleuchtet die Vergangenheit in verschiedenen Facetten und Themen.<br><br></a><a href="https://www.horwimwandel.ch/cms/wp-content/uploads/2020/10/Geschichtsbuch_1986.pdf" class="wp-block-file__button wp-element-button" download aria-describedby="wp-block-file--media-61eb0ba1-4c3c-440e-ba8e-973cfa4b7e73">Herunterladen</a></div>
</div></div>



<h2 class="wp-block-heading">1987: «Historische Urkunden der Gemeinde Horw»</h2>



<div class="wp-block-media-text alignwide is-stacked-on-mobile" style="grid-template-columns:28% auto"><figure class="wp-block-media-text__media"><img loading="lazy" decoding="async" width="500" height="658" src="https://www.horwimwandel.ch/cms/wp-content/uploads/2020/11/Seiten-aus-historische_urkunden_horw.jpg" alt="" class="wp-image-1970 size-full" srcset="https://www.horwimwandel.ch/cms/wp-content/uploads/2020/11/Seiten-aus-historische_urkunden_horw.jpg 500w, https://www.horwimwandel.ch/cms/wp-content/uploads/2020/11/Seiten-aus-historische_urkunden_horw-228x300.jpg 228w" sizes="auto, (max-width: 500px) 100vw, 500px" /></figure><div class="wp-block-media-text__content">
<div class="wp-block-file"><a id="wp-block-file--media-4511c664-c37d-4b3a-a144-9d96b617544e" href="https://www.horwimwandel.ch/cms/wp-content/uploads/2020/11/historische_urkunden_horw.pdf">Eine Sammlung von Urkundenauszügen zurück bis ins Jahr 843 aus dem Gemeindearchiv, dem Staatsarchiv und dem Stiftsarchiv zur Geschichte von Horw. Die Texte sind in unsere Schrift und unsere Sprache übertragen. Man erfährt viel Aufschlussreiches über das Leben und die Vorgänge in früheren Zeiten.<br><br></a><a href="https://www.horwimwandel.ch/cms/wp-content/uploads/2020/11/historische_urkunden_horw.pdf" class="wp-block-file__button wp-element-button" download aria-describedby="wp-block-file--media-4511c664-c37d-4b3a-a144-9d96b617544e">Herunterladen</a></div>



<p></p>
</div></div>



<p></p>
