{"id":63,"date":"2020-01-30T14:06:09","date_gmt":"2020-01-30T14:06:09","guid":{"rendered":"https:\/\/www.horwimwandel.ch\/cms\/?page_id=63"},"modified":"2023-02-02T15:31:53","modified_gmt":"2023-02-02T15:31:53","slug":"kinder-erzahlen","status":"publish","type":"page","link":"https:\/\/www.horwimwandel.ch\/cms\/zeitzeugen-berichten\/kinder-erzahlen\/","title":{"rendered":"Kinder erz\u00e4hlen"},"content":{"rendered":"\n<h2 class=\"wp-block-heading\">Kinder erz\u00e4hlen Horwer GeschichteN<\/h2>\n\n\n\n<p>Das Projekt \u00abKinder erz\u00e4hlen Horwer GeschichteN\u00bb wurde mit dem F\u00f6rderpreis der Gemeinde Horw ausgezeichnet. Im Rahmen der Projektreihe \u00abHorw im Wandel\u00bb realisierte Stephanie Kn\u00f6bl, Projektleiterin der Kultur- und Medienwerkstatt, in Zusammenarbeit mit der Illustratorin Rahel Ilona Eisenring und Foto- und Videographin Nadia Sch\u00e4rli eine Freiluft-Installation mit Erz\u00e4hlvideos.<\/p>\n\n\n\n<p>Vom 19.6.-18.9.2021 l\u00e4sst sich das Resultat im Pappelnw\u00e4ldli am Gemeindehausplatz erleben. \u00dcber QR-Codes werden zehn Erz\u00e4hlvideos von Horwer Kindern \u00fcber Horwer Geschichten gezeigt, die aus dem historischen Fundus der letzten 50 Jahre stammen und sich thematisch an die Publikation \u00abHorw im Wandel\u00bb anlehnen. Die Videos der Kinder, die mit schwarzweiss Illustrationen von R.I.Eisenring erz\u00e4hlerisch erg\u00e4nzt werden, sind auch hier online zu sehen.<\/p>\n\n\n\n<h3 class=\"wp-block-heading\">Projektteam<\/h3>\n\n\n\n<ul class=\"wp-block-list\">\n<li>&nbsp;&nbsp;&nbsp; Projektleitung: Stephanie Kn\u00f6bl, <a href=\"http:\/\/www.kulturmedienwerkstatt.ch\" target=\"_blank\" rel=\"noreferrer noopener\">www.kulturmedienwerkstatt.ch<\/a><\/li>\n\n\n\n<li>&nbsp;&nbsp;&nbsp; Illustration\/Installation: Rahel Ilona Eisenring, <a href=\"http:\/\/www.rahelei.ch\" target=\"_blank\" rel=\"noreferrer noopener\">www.rahelei.ch<\/a><\/li>\n\n\n\n<li>&nbsp;&nbsp;&nbsp; Handwerk\/Installation: Timo M\u00fcller, <a href=\"http:\/\/www.ti-mo.ch\" target=\"_blank\" rel=\"noreferrer noopener\">www.ti-mo.ch<\/a><\/li>\n\n\n\n<li>&nbsp;&nbsp;&nbsp; Video: Nadia Sch\u00e4rli, <a href=\"http:\/\/www.nadiaschaerli.ch\" target=\"_blank\" rel=\"noreferrer noopener\">www.nadiaschaerli.ch<\/a><br><\/li>\n<\/ul>\n\n\n\n<h3 class=\"wp-block-heading\">Horwer Wappen und Name<\/h3>\n\n\n\n<p>Woher kommt der Name Horw und warum ist ein Fisch im Wappen?<\/p>\n\n\n\n<figure class=\"wp-block-embed is-type-video is-provider-vimeo wp-block-embed-vimeo wp-embed-aspect-16-9 wp-has-aspect-ratio\"><div class=\"wp-block-embed__wrapper\">\n<iframe loading=\"lazy\" src=\"https:\/\/player.vimeo.com\/video\/563503682?dnt=1&amp;app_id=122963\" width=\"500\" height=\"281\" frameborder=\"0\" allow=\"autoplay; fullscreen; picture-in-picture; clipboard-write\"><\/iframe>\n<\/div><\/figure>\n\n\n\n<h3 class=\"wp-block-heading\"><br>Das Horwer Vereinsleben<\/h3>\n\n\n\n<p>Welche Vereine hat Horw und was ist einer der Gr\u00f6ssten?<\/p>\n\n\n\n<figure class=\"wp-block-embed is-type-video is-provider-vimeo wp-block-embed-vimeo wp-embed-aspect-16-9 wp-has-aspect-ratio\"><div class=\"wp-block-embed__wrapper\">\n<iframe loading=\"lazy\" src=\"https:\/\/player.vimeo.com\/video\/563572785?dnt=1&amp;app_id=122963\" width=\"500\" height=\"281\" frameborder=\"0\" allow=\"autoplay; fullscreen; picture-in-picture; clipboard-write\"><\/iframe>\n<\/div><\/figure>\n\n\n\n<h3 class=\"wp-block-heading\"><br>Horwer h\u00e4lfed enand<\/h3>\n\n\n\n<p>Was macht der Verein Besonderes, den es seit vielen Jahren in Horw gibt?<\/p>\n\n\n\n<figure class=\"wp-block-embed is-type-video is-provider-vimeo wp-block-embed-vimeo wp-embed-aspect-16-9 wp-has-aspect-ratio\"><div class=\"wp-block-embed__wrapper\">\n<iframe loading=\"lazy\" src=\"https:\/\/player.vimeo.com\/video\/564395448?dnt=1&amp;app_id=122963\" width=\"500\" height=\"281\" frameborder=\"0\" allow=\"autoplay; fullscreen; picture-in-picture; clipboard-write\"><\/iframe>\n<\/div><\/figure>\n\n\n\n<h3 class=\"wp-block-heading\"><br>Die Sage von Kastanienbaum<\/h3>\n\n\n\n<p>Warum heisst Kastanienbaum \u00abKastanienbaum\u00bb?<\/p>\n\n\n\n<figure class=\"wp-block-embed is-type-video is-provider-vimeo wp-block-embed-vimeo wp-embed-aspect-16-9 wp-has-aspect-ratio\"><div class=\"wp-block-embed__wrapper\">\n<iframe loading=\"lazy\" src=\"https:\/\/player.vimeo.com\/video\/563555314?dnt=1&amp;app_id=122963\" width=\"500\" height=\"281\" frameborder=\"0\" allow=\"autoplay; fullscreen; picture-in-picture; clipboard-write\"><\/iframe>\n<\/div><\/figure>\n\n\n\n<h3 class=\"wp-block-heading\"><br>Die letzte Schiffspost<\/h3>\n\n\n\n<p>Warum gab es die Schiffspost und warum gibt es sie heute nicht mehr?<\/p>\n\n\n\n<figure class=\"wp-block-embed is-type-video is-provider-vimeo wp-block-embed-vimeo wp-embed-aspect-16-9 wp-has-aspect-ratio\"><div class=\"wp-block-embed__wrapper\">\n<iframe loading=\"lazy\" src=\"https:\/\/player.vimeo.com\/video\/564373960?dnt=1&amp;app_id=122963\" width=\"500\" height=\"281\" frameborder=\"0\" allow=\"autoplay; fullscreen; picture-in-picture; clipboard-write\"><\/iframe>\n<\/div><\/figure>\n\n\n\n<h3 class=\"wp-block-heading\"><br>Schiffsungl\u00fcck am Vierwaldst\u00e4ttersee<\/h3>\n\n\n\n<p>Was geschah am 12. Oktober 1944 und welchen Gl\u00fccksfall gab es dadurch?<\/p>\n\n\n\n<figure class=\"wp-block-embed is-type-video is-provider-vimeo wp-block-embed-vimeo wp-embed-aspect-16-9 wp-has-aspect-ratio\"><div class=\"wp-block-embed__wrapper\">\n<iframe loading=\"lazy\" src=\"https:\/\/player.vimeo.com\/video\/563598310?dnt=1&amp;app_id=122963\" width=\"500\" height=\"281\" frameborder=\"0\" allow=\"autoplay; fullscreen; picture-in-picture; clipboard-write\"><\/iframe>\n<\/div><\/figure>\n\n\n\n<p><\/p>\n\n\n\n<p> <\/p>\n\n\n\n<h3 class=\"wp-block-heading\">Horwer Originale<\/h3>\n\n\n\n<p>Was ist ein Original und wer war \u00fcber Horwer Grenzen hinaus bekannt?<\/p>\n\n\n\n<figure class=\"wp-block-embed is-type-video is-provider-vimeo wp-block-embed-vimeo wp-embed-aspect-16-9 wp-has-aspect-ratio\"><div class=\"wp-block-embed__wrapper\">\n<iframe loading=\"lazy\" src=\"https:\/\/player.vimeo.com\/video\/564403872?dnt=1&amp;app_id=122963\" width=\"500\" height=\"281\" frameborder=\"0\" allow=\"autoplay; fullscreen; picture-in-picture; clipboard-write\"><\/iframe>\n<\/div><\/figure>\n\n\n\n<h3 class=\"wp-block-heading\"><br>Die EAWAG<\/h3>\n\n\n\n<p>Weisst du, was die EAWAG macht?<\/p>\n\n\n\n<figure class=\"wp-block-embed is-type-video is-provider-vimeo wp-block-embed-vimeo wp-embed-aspect-16-9 wp-has-aspect-ratio\"><div class=\"wp-block-embed__wrapper\">\n<iframe loading=\"lazy\" src=\"https:\/\/player.vimeo.com\/video\/563490227?dnt=1&amp;app_id=122963\" width=\"500\" height=\"281\" frameborder=\"0\" allow=\"autoplay; fullscreen; picture-in-picture; clipboard-write\"><\/iframe>\n<\/div><\/figure>\n\n\n\n<h3 class=\"wp-block-heading\"><br>Die Zwischenb\u00fchne (Sie heisst inzwischen Kulturm\u00fchle)<\/h3>\n\n\n\n<p>Was erlebt man in der Zwischenb\u00fchne?<\/p>\n\n\n\n<figure class=\"wp-block-embed is-type-video is-provider-vimeo wp-block-embed-vimeo wp-embed-aspect-16-9 wp-has-aspect-ratio\"><div class=\"wp-block-embed__wrapper\">\n<iframe loading=\"lazy\" src=\"https:\/\/player.vimeo.com\/video\/563622877?dnt=1&amp;app_id=122963\" width=\"500\" height=\"281\" frameborder=\"0\" allow=\"autoplay; fullscreen; picture-in-picture; clipboard-write\"><\/iframe>\n<\/div><\/figure>\n\n\n\n<h3 class=\"wp-block-heading\"><br>Die erste Autobahn<\/h3>\n\n\n\n<p>Warum war die Autobahn so wichtig und beliebt?<\/p>\n\n\n\n<figure class=\"wp-block-embed is-type-video is-provider-vimeo wp-block-embed-vimeo wp-embed-aspect-16-9 wp-has-aspect-ratio\"><div class=\"wp-block-embed__wrapper\">\n<iframe loading=\"lazy\" src=\"https:\/\/player.vimeo.com\/video\/564509787?dnt=1&amp;app_id=122963\" width=\"500\" height=\"281\" frameborder=\"0\" allow=\"autoplay; fullscreen; picture-in-picture; clipboard-write\"><\/iframe>\n<\/div><\/figure>\n\n\n\n<figure class=\"wp-block-image size-full\"><a href=\"https:\/\/drive.google.com\/file\/d\/1ZYw17bbhQCns7aEdsBPBaCmJbX6UB7RT\/view\" target=\"_blank\" rel=\"noreferrer noopener\"><img decoding=\"async\" src=\"https:\/\/www.horwimwandel.ch\/cms\/wp-content\/uploads\/2023\/02\/bauernbubvideo.png\" alt=\"\" class=\"wp-image-2110\"\/><\/a><\/figure>\n\n\n\n<p><iframe loading=\"lazy\" src=\"https:\/\/drive.google.com\/file\/d\/1MXUQER3HSEo8kPdSqoeOcZfKO82sb9RF\/preview\" allow=\"autoplay\" width=\"640\" height=\"70&quot;\"><\/p>\n\n\n\n<p>Warum sehen wir nix<\/p>\n\n\n\n<p><iframe loading=\"lazy\" src=\"https:\/\/drive.google.com\/file\/d\/1ZYw17bbhQCns7aEdsBPBaCmJbX6UB7RT\/preview\" allow=\"autoplay\" width=\"800\" height=\"450\"><\/iframe><\/p>\n\n\n\n<p><\/p>\n","protected":false},"excerpt":{"rendered":"<p>Kinder erz\u00e4hlen Horwer GeschichteN Das Projekt \u00abKinder erz\u00e4hlen Horwer GeschichteN\u00bb wurde mit dem F\u00f6rderpreis der Gemeinde Horw ausgezeichnet. Im Rahmen der Projektreihe \u00abHorw im Wandel\u00bb realisierte Stephanie Kn\u00f6bl, Projektleiterin der Kultur- und Medienwerkstatt, in Zusammenarbeit mit der Illustratorin Rahel Ilona Eisenring und Foto- und Videographin Nadia Sch\u00e4rli eine Freiluft-Installation mit Erz\u00e4hlvideos. Vom 19.6.-18.9.2021 l\u00e4sst sich das Resultat im Pappelnw\u00e4ldli am Gemeindehausplatz erleben. \u00dcber QR-Codes werden zehn Erz\u00e4hlvideos von Horwer Kindern \u00fcber Horwer Geschichten gezeigt, die aus dem historischen Fundus der letzten 50 Jahre stammen und sich thematisch an die Publikation \u00abHorw im Wandel\u00bb anlehnen. Die Videos der Kinder, die mit schwarzweiss Illustrationen von R.I.Eisenring erz\u00e4hlerisch erg\u00e4nzt werden, sind auch hier online zu sehen. Projektteam Horwer Wappen und Name Woher kommt der Name Horw und warum ist ein Fisch im Wappen? Das Horwer Vereinsleben Welche Vereine hat Horw und was ist einer der Gr\u00f6ssten? Horwer h\u00e4lfed enand Was macht der Verein Besonderes, den es seit vielen Jahren in Horw gibt? Die Sage von Kastanienbaum Warum heisst Kastanienbaum \u00abKastanienbaum\u00bb? Die letzte Schiffspost Warum gab es die Schiffspost und warum gibt es sie heute nicht mehr? Schiffsungl\u00fcck am Vierwaldst\u00e4ttersee Was geschah am 12. Oktober 1944 und welchen Gl\u00fccksfall gab es dadurch? Horwer Originale Was ist ein Original und wer war \u00fcber Horwer Grenzen hinaus bekannt? Die EAWAG Weisst du, was die EAWAG macht? Die Zwischenb\u00fchne (Sie heisst inzwischen Kulturm\u00fchle) Was erlebt man in der Zwischenb\u00fchne? Die erste Autobahn Warum war die Autobahn so wichtig und beliebt? Warum sehen wir nix<\/p>\n","protected":false},"author":1,"featured_media":0,"parent":190,"menu_order":0,"comment_status":"closed","ping_status":"closed","template":"","meta":{"footnotes":""},"class_list":["post-63","page","type-page","status-publish","hentry"],"_links":{"self":[{"href":"https:\/\/www.horwimwandel.ch\/cms\/wp-json\/wp\/v2\/pages\/63","targetHints":{"allow":["GET"]}}],"collection":[{"href":"https:\/\/www.horwimwandel.ch\/cms\/wp-json\/wp\/v2\/pages"}],"about":[{"href":"https:\/\/www.horwimwandel.ch\/cms\/wp-json\/wp\/v2\/types\/page"}],"author":[{"embeddable":true,"href":"https:\/\/www.horwimwandel.ch\/cms\/wp-json\/wp\/v2\/users\/1"}],"replies":[{"embeddable":true,"href":"https:\/\/www.horwimwandel.ch\/cms\/wp-json\/wp\/v2\/comments?post=63"}],"version-history":[{"count":40,"href":"https:\/\/www.horwimwandel.ch\/cms\/wp-json\/wp\/v2\/pages\/63\/revisions"}],"predecessor-version":[{"id":2121,"href":"https:\/\/www.horwimwandel.ch\/cms\/wp-json\/wp\/v2\/pages\/63\/revisions\/2121"}],"up":[{"embeddable":true,"href":"https:\/\/www.horwimwandel.ch\/cms\/wp-json\/wp\/v2\/pages\/190"}],"wp:attachment":[{"href":"https:\/\/www.horwimwandel.ch\/cms\/wp-json\/wp\/v2\/media?parent=63"}],"curies":[{"name":"wp","href":"https:\/\/api.w.org\/{rel}","templated":true}]}}

Kinder erzählen

<h2 class="wp-block-heading">Kinder erzählen Horwer GeschichteN</h2>



<p>Das Projekt «Kinder erzählen Horwer GeschichteN» wurde mit dem Förderpreis der Gemeinde Horw ausgezeichnet. Im Rahmen der Projektreihe «Horw im Wandel» realisierte Stephanie Knöbl, Projektleiterin der Kultur- und Medienwerkstatt, in Zusammenarbeit mit der Illustratorin Rahel Ilona Eisenring und Foto- und Videographin Nadia Schärli eine Freiluft-Installation mit Erzählvideos.</p>



<p>Vom 19.6.-18.9.2021 lässt sich das Resultat im Pappelnwäldli am Gemeindehausplatz erleben. Über QR-Codes werden zehn Erzählvideos von Horwer Kindern über Horwer Geschichten gezeigt, die aus dem historischen Fundus der letzten 50 Jahre stammen und sich thematisch an die Publikation «Horw im Wandel» anlehnen. Die Videos der Kinder, die mit schwarzweiss Illustrationen von R.I.Eisenring erzählerisch ergänzt werden, sind auch hier online zu sehen.</p>



<h3 class="wp-block-heading">Projektteam</h3>



<ul class="wp-block-list">
<li>&nbsp;&nbsp;&nbsp; Projektleitung: Stephanie Knöbl, <a href="http://www.kulturmedienwerkstatt.ch" target="_blank" rel="noreferrer noopener">www.kulturmedienwerkstatt.ch</a></li>



<li>&nbsp;&nbsp;&nbsp; Illustration/Installation: Rahel Ilona Eisenring, <a href="http://www.rahelei.ch" target="_blank" rel="noreferrer noopener">www.rahelei.ch</a></li>



<li>&nbsp;&nbsp;&nbsp; Handwerk/Installation: Timo Müller, <a href="http://www.ti-mo.ch" target="_blank" rel="noreferrer noopener">www.ti-mo.ch</a></li>



<li>&nbsp;&nbsp;&nbsp; Video: Nadia Schärli, <a href="http://www.nadiaschaerli.ch" target="_blank" rel="noreferrer noopener">www.nadiaschaerli.ch</a><br></li>
</ul>



<h3 class="wp-block-heading">Horwer Wappen und Name</h3>



<p>Woher kommt der Name Horw und warum ist ein Fisch im Wappen?</p>



<figure class="wp-block-embed is-type-video is-provider-vimeo wp-block-embed-vimeo wp-embed-aspect-16-9 wp-has-aspect-ratio"><div class="wp-block-embed__wrapper">
<iframe loading="lazy" src="https://player.vimeo.com/video/563503682?dnt=1&amp;app_id=122963" width="500" height="281" frameborder="0" allow="autoplay; fullscreen; picture-in-picture; clipboard-write"></iframe>
</div></figure>



<h3 class="wp-block-heading"><br>Das Horwer Vereinsleben</h3>



<p>Welche Vereine hat Horw und was ist einer der Grössten?</p>



<figure class="wp-block-embed is-type-video is-provider-vimeo wp-block-embed-vimeo wp-embed-aspect-16-9 wp-has-aspect-ratio"><div class="wp-block-embed__wrapper">
<iframe loading="lazy" src="https://player.vimeo.com/video/563572785?dnt=1&amp;app_id=122963" width="500" height="281" frameborder="0" allow="autoplay; fullscreen; picture-in-picture; clipboard-write"></iframe>
</div></figure>



<h3 class="wp-block-heading"><br>Horwer hälfed enand</h3>



<p>Was macht der Verein Besonderes, den es seit vielen Jahren in Horw gibt?</p>



<figure class="wp-block-embed is-type-video is-provider-vimeo wp-block-embed-vimeo wp-embed-aspect-16-9 wp-has-aspect-ratio"><div class="wp-block-embed__wrapper">
<iframe loading="lazy" src="https://player.vimeo.com/video/564395448?dnt=1&amp;app_id=122963" width="500" height="281" frameborder="0" allow="autoplay; fullscreen; picture-in-picture; clipboard-write"></iframe>
</div></figure>



<h3 class="wp-block-heading"><br>Die Sage von Kastanienbaum</h3>



<p>Warum heisst Kastanienbaum «Kastanienbaum»?</p>



<figure class="wp-block-embed is-type-video is-provider-vimeo wp-block-embed-vimeo wp-embed-aspect-16-9 wp-has-aspect-ratio"><div class="wp-block-embed__wrapper">
<iframe loading="lazy" src="https://player.vimeo.com/video/563555314?dnt=1&amp;app_id=122963" width="500" height="281" frameborder="0" allow="autoplay; fullscreen; picture-in-picture; clipboard-write"></iframe>
</div></figure>



<h3 class="wp-block-heading"><br>Die letzte Schiffspost</h3>



<p>Warum gab es die Schiffspost und warum gibt es sie heute nicht mehr?</p>



<figure class="wp-block-embed is-type-video is-provider-vimeo wp-block-embed-vimeo wp-embed-aspect-16-9 wp-has-aspect-ratio"><div class="wp-block-embed__wrapper">
<iframe loading="lazy" src="https://player.vimeo.com/video/564373960?dnt=1&amp;app_id=122963" width="500" height="281" frameborder="0" allow="autoplay; fullscreen; picture-in-picture; clipboard-write"></iframe>
</div></figure>



<h3 class="wp-block-heading"><br>Schiffsunglück am Vierwaldstättersee</h3>



<p>Was geschah am 12. Oktober 1944 und welchen Glücksfall gab es dadurch?</p>



<figure class="wp-block-embed is-type-video is-provider-vimeo wp-block-embed-vimeo wp-embed-aspect-16-9 wp-has-aspect-ratio"><div class="wp-block-embed__wrapper">
<iframe loading="lazy" src="https://player.vimeo.com/video/563598310?dnt=1&amp;app_id=122963" width="500" height="281" frameborder="0" allow="autoplay; fullscreen; picture-in-picture; clipboard-write"></iframe>
</div></figure>



<p></p>



<p> </p>



<h3 class="wp-block-heading">Horwer Originale</h3>



<p>Was ist ein Original und wer war über Horwer Grenzen hinaus bekannt?</p>



<figure class="wp-block-embed is-type-video is-provider-vimeo wp-block-embed-vimeo wp-embed-aspect-16-9 wp-has-aspect-ratio"><div class="wp-block-embed__wrapper">
<iframe loading="lazy" src="https://player.vimeo.com/video/564403872?dnt=1&amp;app_id=122963" width="500" height="281" frameborder="0" allow="autoplay; fullscreen; picture-in-picture; clipboard-write"></iframe>
</div></figure>



<h3 class="wp-block-heading"><br>Die EAWAG</h3>



<p>Weisst du, was die EAWAG macht?</p>



<figure class="wp-block-embed is-type-video is-provider-vimeo wp-block-embed-vimeo wp-embed-aspect-16-9 wp-has-aspect-ratio"><div class="wp-block-embed__wrapper">
<iframe loading="lazy" src="https://player.vimeo.com/video/563490227?dnt=1&amp;app_id=122963" width="500" height="281" frameborder="0" allow="autoplay; fullscreen; picture-in-picture; clipboard-write"></iframe>
</div></figure>



<h3 class="wp-block-heading"><br>Die Zwischenbühne (Sie heisst inzwischen Kulturmühle)</h3>



<p>Was erlebt man in der Zwischenbühne?</p>



<figure class="wp-block-embed is-type-video is-provider-vimeo wp-block-embed-vimeo wp-embed-aspect-16-9 wp-has-aspect-ratio"><div class="wp-block-embed__wrapper">
<iframe loading="lazy" src="https://player.vimeo.com/video/563622877?dnt=1&amp;app_id=122963" width="500" height="281" frameborder="0" allow="autoplay; fullscreen; picture-in-picture; clipboard-write"></iframe>
</div></figure>



<h3 class="wp-block-heading"><br>Die erste Autobahn</h3>



<p>Warum war die Autobahn so wichtig und beliebt?</p>



<figure class="wp-block-embed is-type-video is-provider-vimeo wp-block-embed-vimeo wp-embed-aspect-16-9 wp-has-aspect-ratio"><div class="wp-block-embed__wrapper">
<iframe loading="lazy" src="https://player.vimeo.com/video/564509787?dnt=1&amp;app_id=122963" width="500" height="281" frameborder="0" allow="autoplay; fullscreen; picture-in-picture; clipboard-write"></iframe>
</div></figure>



<figure class="wp-block-image size-full"><a href="https://drive.google.com/file/d/1ZYw17bbhQCns7aEdsBPBaCmJbX6UB7RT/view" target="_blank" rel="noreferrer noopener"><img decoding="async" src="https://www.horwimwandel.ch/cms/wp-content/uploads/2023/02/bauernbubvideo.png" alt="" class="wp-image-2110"/></a></figure>



<p><iframe loading="lazy" src="https://drive.google.com/file/d/1MXUQER3HSEo8kPdSqoeOcZfKO82sb9RF/preview" allow="autoplay" width="640" height="70&quot;"></p>



<p>Warum sehen wir nix</p>



<p><iframe loading="lazy" src="https://drive.google.com/file/d/1ZYw17bbhQCns7aEdsBPBaCmJbX6UB7RT/preview" allow="autoplay" width="800" height="450"></iframe></p>



<p></p>

<p>Kinder erzählen Horwer GeschichteN Das Projekt «Kinder erzählen Horwer GeschichteN» wurde mit dem Förderpreis der Gemeinde Horw ausgezeichnet. Im Rahmen der Projektreihe «Horw im Wandel» realisierte Stephanie Knöbl, Projektleiterin der Kultur- und Medienwerkstatt, in Zusammenarbeit mit der Illustratorin Rahel Ilona Eisenring und Foto- und Videographin Nadia Schärli eine Freiluft-Installation mit Erzählvideos. Vom 19.6.-18.9.2021 lässt sich das Resultat im Pappelnwäldli am Gemeindehausplatz erleben. Über QR-Codes werden zehn Erzählvideos von Horwer Kindern über Horwer Geschichten gezeigt, die aus dem historischen Fundus der letzten 50 Jahre stammen und sich thematisch an die Publikation «Horw im Wandel» anlehnen. Die Videos der Kinder, die mit schwarzweiss Illustrationen von R.I.Eisenring erzählerisch ergänzt werden, sind auch hier online zu sehen. Projektteam Horwer Wappen und Name Woher kommt der Name Horw und warum ist ein Fisch im Wappen? Das Horwer Vereinsleben Welche Vereine hat Horw und was ist einer der Grössten? Horwer hälfed enand Was macht der Verein Besonderes, den es seit vielen Jahren in Horw gibt? Die Sage von Kastanienbaum Warum heisst Kastanienbaum «Kastanienbaum»? Die letzte Schiffspost Warum gab es die Schiffspost und warum gibt es sie heute nicht mehr? Schiffsunglück am Vierwaldstättersee Was geschah am 12. Oktober 1944 und welchen Glücksfall gab es dadurch? Horwer Originale Was ist ein Original und wer war über Horwer Grenzen hinaus bekannt? Die EAWAG Weisst du, was die EAWAG macht? Die Zwischenbühne (Sie heisst inzwischen Kulturmühle) Was erlebt man in der Zwischenbühne? Die erste Autobahn Warum war die Autobahn so wichtig und beliebt? Warum sehen wir nix</p>
